{"id":2,"date":"2017-02-02T19:20:21","date_gmt":"2017-02-02T19:20:21","guid":{"rendered":"http:\/\/wp452m.a10-52-158-154.qa.plesk.ru\/wordpress\/?page_id=2"},"modified":"2017-04-09T19:11:42","modified_gmt":"2017-04-09T19:11:42","slug":"sample-page","status":"publish","type":"page","link":"https:\/\/luagris.net\/turismo\/?lang=gl","title":{"rendered":"De que vai todo isto?"},"content":{"rendered":"<p>Ch\u00e1mome Eduardo Est\u00e9vez. Nac\u00edn en Buenos Aires en 1969 e vivo en Galiza desde 1995.<\/p>\n<p>Son escritor, te\u00f1o un bo feixe de libros publicados e ga\u00f1ei diversos premios. Colaboro en diferentes proxectos de edici\u00f3n. <\/p>\n<p>Durante case dezaoito anos, traballei no sector TIC, primeiro como programador e despois como analista. En 2016 empecei a estudar para convertirme en gu\u00eda tur\u00edstico.<br \/>\nE viaxei moito, sempre. E sigo viaxando. Dentro e f\u00f3ra de Galiza. <\/p>\n<p>Este blog pretende ser unha sorte de repositorio p\u00fablico de informaci\u00f3n tur\u00edstica. A informaci\u00f3n de lugares que visito e sobre os que, por unha raz\u00f3n ou outra, me tocou aprofundar, ir\u00e1n tendo aqu\u00ed o seu espazo onde quedar, para todas as persoas \u00e1s que poida virlles ben.<\/p>\n<p>Se queres saber m\u00e1is sobre min, podes mirar <a href=\"http:\/\/luagris.net\/blog\/?page_id=543\">aqu\u00ed<\/a>.<br \/>\nSe queres saber sobre os meus libros, mira <a href=\"http:\/\/luagris.net\/blog\/?page_id=8\">aqu\u00ed<\/a>.<\/p>\n","protected":false},"excerpt":{"rendered":"<p>Ch\u00e1mome Eduardo Est\u00e9vez. Nac\u00edn en Buenos Aires en 1969 e vivo en Galiza desde 1995. Son escritor, te\u00f1o un bo feixe de libros publicados e ga\u00f1ei diversos premios. Colaboro en diferentes proxectos de edici\u00f3n. Durante [&hellip;]<\/p>\n","protected":false},"author":3,"featured_media":0,"parent":0,"menu_order":0,"comment_status":"closed","ping_status":"open","template":"","meta":{"footnotes":""},"class_list":["post-2","page","type-page","status-publish","hentry"],"jetpack_sharing_enabled":true,"jetpack_shortlink":"https:\/\/wp.me\/P8v7Zj-2","_links":{"self":[{"href":"https:\/\/luagris.net\/turismo\/index.php?rest_route=\/wp\/v2\/pages\/2","targetHints":{"allow":["GET"]}}],"collection":[{"href":"https:\/\/luagris.net\/turismo\/index.php?rest_route=\/wp\/v2\/pages"}],"about":[{"href":"https:\/\/luagris.net\/turismo\/index.php?rest_route=\/wp\/v2\/types\/page"}],"author":[{"embeddable":true,"href":"https:\/\/luagris.net\/turismo\/index.php?rest_route=\/wp\/v2\/users\/3"}],"replies":[{"embeddable":true,"href":"https:\/\/luagris.net\/turismo\/index.php?rest_route=%2Fwp%2Fv2%2Fcomments&post=2"}],"version-history":[{"count":3,"href":"https:\/\/luagris.net\/turismo\/index.php?rest_route=\/wp\/v2\/pages\/2\/revisions"}],"predecessor-version":[{"id":342,"href":"https:\/\/luagris.net\/turismo\/index.php?rest_route=\/wp\/v2\/pages\/2\/revisions\/342"}],"wp:attachment":[{"href":"https:\/\/luagris.net\/turismo\/index.php?rest_route=%2Fwp%2Fv2%2Fmedia&parent=2"}],"curies":[{"name":"wp","href":"https:\/\/api.w.org\/{rel}","templated":true}]}}