{"id":63,"date":"2017-01-03T15:47:02","date_gmt":"2017-01-03T15:47:02","guid":{"rendered":"http:\/\/luagris.net\/obradoiros\/?page_id=63"},"modified":"2017-09-04T16:28:53","modified_gmt":"2017-09-04T16:28:53","slug":"en-curso","status":"publish","type":"page","link":"https:\/\/luagris.net\/obradoiros\/?page_id=63","title":{"rendered":"En curso"},"content":{"rendered":"<p>Estamos a piques de iniciar os obradoiros deste curso 2017-2018. <\/p>\n<p>Se che interesa informaci\u00f3n sobre o obradoiro na <strong>Biblioteca Municipal das Pontes<\/strong>, podes solicitala por tel\u00e9fono nos n\u00fameros: 981 102 562 \/ 981 452 417 ou por correo electr\u00f3nico en <strong>biblioteca [arroba] aspontes [punto] org<\/strong>.<br \/>\nTam\u00e9n podes achegarte pola biblioteca no seu horario habitual.<\/p>\n<p>Se queres saber algunha cousa sobre o obradoiro de poes\u00eda da librar\u00eda <strong>Chan da P\u00f3lvora en Santiago<\/strong>, podes pasarte pola librar\u00eda (r\/de San Pedro, 74) ou po\u00f1erte en contacto a trav\u00e9s do perfil da librar\u00eda en Facebook ou chamando ao 881 25 35 85. <\/p>\n<p>Este ano iniciaremos un novo espazo na <strong>librar\u00eda Bah\u00eda, en Foz<\/strong>. Se che interesa, podes ir preguntar al\u00ed (av. da Mari\u00f1a, 40) ou por mail a <strong>info [arroba] libreriabaia [punto] com<\/strong>, no tel\u00e9fono 982 140 434, a trav\u00e9s do perfil da librar\u00eda en Facebook<\/p>\n<p>Para saber doutros obradoiros que fixemos antes, fai clic <a href=\"http:\/\/luagris.net\/obradoiros\/?page_id=72\">aqu\u00ed<\/a>.<br \/>\nPara co\u00f1ecer outros proxectos pr\u00f3ximos, fai clic <a href=\"http:\/\/luagris.net\/obradoiros\/?page_id=66\">aqu\u00ed<\/a>.<\/p>\n<p>&nbsp;<\/p>\n<p>En todo caso, sempre podes preguntar por calquera deles escrib\u00edndonos a <strong>correo [arroba] luagris [punto] net<\/strong> e facer todas as preguntas que queiras.<\/p>\n","protected":false},"excerpt":{"rendered":"<p>Estamos a piques de iniciar os obradoiros deste curso 2017-2018. Se che interesa informaci\u00f3n sobre o obradoiro na Biblioteca Municipal&hellip;<\/p>\n","protected":false},"author":2,"featured_media":134,"parent":0,"menu_order":0,"comment_status":"closed","ping_status":"closed","template":"","meta":{"footnotes":""},"class_list":["post-63","page","type-page","status-publish","has-post-thumbnail","hentry"],"jetpack_sharing_enabled":true,"jetpack_shortlink":"https:\/\/wp.me\/P8hfay-11","_links":{"self":[{"href":"https:\/\/luagris.net\/obradoiros\/index.php?rest_route=\/wp\/v2\/pages\/63","targetHints":{"allow":["GET"]}}],"collection":[{"href":"https:\/\/luagris.net\/obradoiros\/index.php?rest_route=\/wp\/v2\/pages"}],"about":[{"href":"https:\/\/luagris.net\/obradoiros\/index.php?rest_route=\/wp\/v2\/types\/page"}],"author":[{"embeddable":true,"href":"https:\/\/luagris.net\/obradoiros\/index.php?rest_route=\/wp\/v2\/users\/2"}],"replies":[{"embeddable":true,"href":"https:\/\/luagris.net\/obradoiros\/index.php?rest_route=%2Fwp%2Fv2%2Fcomments&post=63"}],"version-history":[{"count":13,"href":"https:\/\/luagris.net\/obradoiros\/index.php?rest_route=\/wp\/v2\/pages\/63\/revisions"}],"predecessor-version":[{"id":345,"href":"https:\/\/luagris.net\/obradoiros\/index.php?rest_route=\/wp\/v2\/pages\/63\/revisions\/345"}],"wp:featuredmedia":[{"embeddable":true,"href":"https:\/\/luagris.net\/obradoiros\/index.php?rest_route=\/wp\/v2\/media\/134"}],"wp:attachment":[{"href":"https:\/\/luagris.net\/obradoiros\/index.php?rest_route=%2Fwp%2Fv2%2Fmedia&parent=63"}],"curies":[{"name":"wp","href":"https:\/\/api.w.org\/{rel}","templated":true}]}}