{"id":86,"date":"2014-03-27T19:27:48","date_gmt":"2014-03-27T19:27:48","guid":{"rendered":"http:\/\/debaleas.blogaliza.org\/?page_id=86"},"modified":"2014-03-27T19:27:48","modified_gmt":"2014-03-27T19:27:48","slug":"magallanes-inicial","status":"publish","type":"page","link":"https:\/\/luagris.net\/debaleas\/?page_id=86","title":{"rendered":""},"content":{"rendered":"<p>e o poema sobre magallanes \/ que no seu empe\u00f1o por chegar \/ \u00e1s indias arrodeando o mundo \/ arribou \u00e1 terra das baleas \/ ou  deber\u00eda dicir \/ ao seu mar \/ e divisou alg\u00fans daqueles \/ animais fant\u00e1sticos \/ nunha enseada \u00e1rida \u00e9 preciosa<br \/>\npero o seu destino estaba a\u00ednda \/ moi lonxe \/ (moi preto pero el non o sab\u00eda) \/ e decidiu non deterse \/ e continuar viaxe incerta \/<br \/>\ne morreu sen chegar \/ \u00e1s indias \/ sen escoitar o canto das baleas \/ sen atopar a calma \/ sen co\u00f1ecer o seu \/ verdadeiro \/ horizonte<\/p>\n","protected":false},"excerpt":{"rendered":"<p>e o poema sobre magallanes \/ que no seu empe\u00f1o por chegar \/ \u00e1s indias arrodeando o mundo \/ arribou \u00e1 terra das baleas \/ ou deber\u00eda dicir \/ ao seu mar \/ e divisou alg\u00fans daqueles \/ animais fant\u00e1sticos \/ nunha enseada \u00e1rida \u00e9 preciosa pero o seu destino estaba a\u00ednda \/ moi lonxe [&hellip;]<\/p>\n","protected":false},"author":3,"featured_media":0,"parent":7,"menu_order":0,"comment_status":"closed","ping_status":"closed","template":"","meta":{"footnotes":""},"class_list":["post-86","page","type-page","status-publish","hentry"],"_links":{"self":[{"href":"https:\/\/luagris.net\/debaleas\/index.php?rest_route=\/wp\/v2\/pages\/86","targetHints":{"allow":["GET"]}}],"collection":[{"href":"https:\/\/luagris.net\/debaleas\/index.php?rest_route=\/wp\/v2\/pages"}],"about":[{"href":"https:\/\/luagris.net\/debaleas\/index.php?rest_route=\/wp\/v2\/types\/page"}],"author":[{"embeddable":true,"href":"https:\/\/luagris.net\/debaleas\/index.php?rest_route=\/wp\/v2\/users\/3"}],"replies":[{"embeddable":true,"href":"https:\/\/luagris.net\/debaleas\/index.php?rest_route=%2Fwp%2Fv2%2Fcomments&post=86"}],"version-history":[{"count":0,"href":"https:\/\/luagris.net\/debaleas\/index.php?rest_route=\/wp\/v2\/pages\/86\/revisions"}],"up":[{"embeddable":true,"href":"https:\/\/luagris.net\/debaleas\/index.php?rest_route=\/wp\/v2\/pages\/7"}],"wp:attachment":[{"href":"https:\/\/luagris.net\/debaleas\/index.php?rest_route=%2Fwp%2Fv2%2Fmedia&parent=86"}],"curies":[{"name":"wp","href":"https:\/\/api.w.org\/{rel}","templated":true}]}}