{"id":52,"date":"2014-03-16T15:43:36","date_gmt":"2014-03-16T15:43:36","guid":{"rendered":"http:\/\/debaleas.blogaliza.org\/?page_id=52"},"modified":"2014-03-16T15:43:36","modified_gmt":"2014-03-16T15:43:36","slug":"vacas-inicial","status":"publish","type":"page","link":"https:\/\/luagris.net\/debaleas\/?page_id=52","title":{"rendered":""},"content":{"rendered":"<p>o bruar dunha vaca a interromper a ma\u00f1anci\u00f1a<br \/>\nou o son dos ax\u00f3uxeres na noite pecha<br \/>\nson o canto da balea nos vales fondos<\/p>\n<p>(<a href=\"http:\/\/debaleas.blogaliza.org\/textos\/vacas\/\">ir \u00e1 versi\u00f3n actual<\/a>)<\/p>\n","protected":false},"excerpt":{"rendered":"<p>o bruar dunha vaca a interromper a ma\u00f1anci\u00f1a ou o son dos ax\u00f3uxeres na noite pecha son o canto da balea nos vales fondos (ir \u00e1 versi\u00f3n actual)<\/p>\n","protected":false},"author":3,"featured_media":0,"parent":7,"menu_order":109,"comment_status":"closed","ping_status":"closed","template":"","meta":{"footnotes":""},"class_list":["post-52","page","type-page","status-publish","hentry"],"_links":{"self":[{"href":"https:\/\/luagris.net\/debaleas\/index.php?rest_route=\/wp\/v2\/pages\/52","targetHints":{"allow":["GET"]}}],"collection":[{"href":"https:\/\/luagris.net\/debaleas\/index.php?rest_route=\/wp\/v2\/pages"}],"about":[{"href":"https:\/\/luagris.net\/debaleas\/index.php?rest_route=\/wp\/v2\/types\/page"}],"author":[{"embeddable":true,"href":"https:\/\/luagris.net\/debaleas\/index.php?rest_route=\/wp\/v2\/users\/3"}],"replies":[{"embeddable":true,"href":"https:\/\/luagris.net\/debaleas\/index.php?rest_route=%2Fwp%2Fv2%2Fcomments&post=52"}],"version-history":[{"count":0,"href":"https:\/\/luagris.net\/debaleas\/index.php?rest_route=\/wp\/v2\/pages\/52\/revisions"}],"up":[{"embeddable":true,"href":"https:\/\/luagris.net\/debaleas\/index.php?rest_route=\/wp\/v2\/pages\/7"}],"wp:attachment":[{"href":"https:\/\/luagris.net\/debaleas\/index.php?rest_route=%2Fwp%2Fv2%2Fmedia&parent=52"}],"curies":[{"name":"wp","href":"https:\/\/api.w.org\/{rel}","templated":true}]}}