{"id":281,"date":"2016-01-18T08:18:49","date_gmt":"2016-01-18T08:18:49","guid":{"rendered":"http:\/\/luagris.net\/debaleas\/?page_id=281"},"modified":"2016-01-18T08:21:22","modified_gmt":"2016-01-18T08:21:22","slug":"281-2","status":"publish","type":"page","link":"https:\/\/luagris.net\/debaleas\/?page_id=281","title":{"rendered":""},"content":{"rendered":"<p>sobre a mesa dun bar \/ en boedo montmartre ou chueca \/ (que \u00e9 como dicir \/ en calquera lugar ou recordo) \/ o poeta ra\u00fal \/ gonz\u00e1lez tu\u00f1\u00f3n espalla \/ fotogramas dunha infancia en barracas<\/p>\n<p>eu non sei se \u00e9 barracas \/ ou calquera outro pa\u00eds \/ a s\u00faa cuna<\/p>\n<p>a pel\u00edcula ten r\u00faas anegadas \/ (no so\u00f1o t\u00f3rnase venecia)<\/p>\n<p>barracas ch\u00e1mase tam\u00e9n noia ou fisterra \/ pero \u00e9 pos\u00edbel que o poeta confunda<br \/>\n\/ historias de seu pai \/ ou a ficci\u00f3n doutra nostalxia<\/p>\n<p>o relato \u00e9 en branco e negro \/ e ten barcos nas r\u00faas \/ e os nenos chapuzan e corren na auga e rin<\/p>\n<p>ou acaso un porto baleeiro \/ e cad\u00e1veres de cachalotes<\/p>\n<p>a barracas non chegou nunca unha balea \/ nunca navegou unha balea \/ polo r\u00edo que discorre diante da noria<\/p>\n<p>e a noria xa non xira<br \/>\ne os cabalos de madeira non te\u00f1en nenos tristes<\/p>\n<p>resoa a pianola nas pedras das r\u00faas \/ as da memoria do poeta \/<br \/>\na chuvia repenica sobre a inundaci\u00f3n \/ esl\u00fae a memoria<\/p>\n<p>(<a href=\"http:\/\/luagris.net\/debaleas\/?page_id=279\">ir \u00e1 versi\u00f3n actual<\/a>)<\/p>\n","protected":false},"excerpt":{"rendered":"<p>sobre a mesa dun bar \/ en boedo montmartre ou chueca \/ (que \u00e9 como dicir \/ en calquera lugar ou recordo) \/ o poeta ra\u00fal \/ gonz\u00e1lez tu\u00f1\u00f3n espalla \/ fotogramas dunha infancia en barracas eu non sei se \u00e9 barracas \/ ou calquera outro pa\u00eds \/ a s\u00faa cuna a pel\u00edcula ten r\u00faas [&hellip;]<\/p>\n","protected":false},"author":3,"featured_media":0,"parent":7,"menu_order":0,"comment_status":"closed","ping_status":"closed","template":"","meta":{"footnotes":""},"class_list":["post-281","page","type-page","status-publish","hentry"],"_links":{"self":[{"href":"https:\/\/luagris.net\/debaleas\/index.php?rest_route=\/wp\/v2\/pages\/281","targetHints":{"allow":["GET"]}}],"collection":[{"href":"https:\/\/luagris.net\/debaleas\/index.php?rest_route=\/wp\/v2\/pages"}],"about":[{"href":"https:\/\/luagris.net\/debaleas\/index.php?rest_route=\/wp\/v2\/types\/page"}],"author":[{"embeddable":true,"href":"https:\/\/luagris.net\/debaleas\/index.php?rest_route=\/wp\/v2\/users\/3"}],"replies":[{"embeddable":true,"href":"https:\/\/luagris.net\/debaleas\/index.php?rest_route=%2Fwp%2Fv2%2Fcomments&post=281"}],"version-history":[{"count":4,"href":"https:\/\/luagris.net\/debaleas\/index.php?rest_route=\/wp\/v2\/pages\/281\/revisions"}],"predecessor-version":[{"id":286,"href":"https:\/\/luagris.net\/debaleas\/index.php?rest_route=\/wp\/v2\/pages\/281\/revisions\/286"}],"up":[{"embeddable":true,"href":"https:\/\/luagris.net\/debaleas\/index.php?rest_route=\/wp\/v2\/pages\/7"}],"wp:attachment":[{"href":"https:\/\/luagris.net\/debaleas\/index.php?rest_route=%2Fwp%2Fv2%2Fmedia&parent=281"}],"curies":[{"name":"wp","href":"https:\/\/api.w.org\/{rel}","templated":true}]}}