{"id":21,"date":"2014-03-15T21:13:26","date_gmt":"2014-03-15T21:13:26","guid":{"rendered":"http:\/\/debaleas.blogaliza.org\/?page_id=14"},"modified":"2016-01-02T20:48:26","modified_gmt":"2016-01-02T20:48:26","slug":"juancito-caminador","status":"publish","type":"page","link":"https:\/\/luagris.net\/debaleas\/?page_id=21","title":{"rendered":""},"content":{"rendered":"<p><em>tres imaxes de juancito caminador<\/em><\/p>\n<p><em>contounas as\u00ed o poeta<br \/>\nque viviu os seus so\u00f1os<br \/>\ne mais so\u00f1ouno vivo<br \/>\ne morto<br \/>\ne a\u00ednda as\u00ed<br \/>\nnon soubo del<br \/>\nnin a metade da imaxinaci\u00f3n do mundo<\/em><\/p>\n<p>&nbsp;<\/p>\n<blockquote><p><u>unha<\/u><\/p><\/blockquote>\n<p>no centro da pista<br \/>\nunha mesa unha caveira un coello<\/p>\n<p>o ilusionista vende<br \/>\nso\u00f1os por dous pesos<\/p>\n<p>e cando a carpa do circo<br \/>\nfica baldeira de asombros<br \/>\no home agocha<br \/>\no seu tremor no abrigo ra\u00eddo<br \/>\ne mergulla na noite<br \/>\nno poema<\/p>\n<p>&nbsp;<\/p>\n<blockquote><p><u>d\u00faas<\/u><\/p><\/blockquote>\n<p>a nena vestida de domingo<br \/>\nque esculca desde a primeira fila<br \/>\ncada movemento do prestidixitador<\/p>\n<p>e cando se apagan as luces<br \/>\ne a carpa fica baldeira<br \/>\na nena some<br \/>\ndeixando tras de si<br \/>\nun ronsel p\u00e1lido<\/p>\n<p>&nbsp;<\/p>\n<blockquote><p><u>tres<\/u><\/p><\/blockquote>\n<p>na barra dunha taberna<br \/>\nen ingeniero white<\/p>\n<p>o ilusionista escoita<br \/>\na historia marabillosa e certa<br \/>\ndo mari\u00f1eiro que avistou unha balea<br \/>\nno treb\u00f3n<\/p>\n<p>semellaba vagar<br \/>\ntan extraviada coma o barco<br \/>\nno centro da chuvia mesta<br \/>\ndas ondas salgadas do vento<br \/>\nirreflexivo<br \/>\nda bruma que recende a argazo<br \/>\na curva gris do lombo<br \/>\nera unha luz<br \/>\nno negror do vendaval<\/p>\n<p>ergu\u00edase brillante e<br \/>\nvolv\u00eda sumir<br \/>\nno mar coma un destino<\/p>\n<p>&nbsp;<\/p>\n<p>&gt;&gt; <a href=\"http:\/\/luagris.net\/debaleas\/?p=162\">ao regresar de buenos aires (2)<\/a><br \/>\n&gt;&gt; <a href=\"http:\/\/luagris.net\/debaleas\/?p=155\">po\u00f1endo en limpo<\/a><br \/>\n&gt;&gt; <a href=\"http:\/\/luagris.net\/debaleas\/?p=132\">do papel (juancito caminador 1)<\/a><br \/>\n&gt;&gt; <a href=\"http:\/\/luagris.net\/debaleas\/?p=102\">tres imaxes nos ollos de tu\u00f1\u00f3n<\/a><br \/>\n&gt;&gt; <a href=\"http:\/\/luagris.net\/debaleas\/?page_id=51\">versi\u00f3n inicial<\/a><\/p>\n","protected":false},"excerpt":{"rendered":"<p>tres imaxes de juancito caminador contounas as\u00ed o poeta que viviu os seus so\u00f1os e mais so\u00f1ouno vivo e morto e a\u00ednda as\u00ed non soubo del nin a metade da imaxinaci\u00f3n do mundo &nbsp; unha no centro da pista unha mesa unha caveira un coello o ilusionista vende so\u00f1os por dous pesos e cando a [&hellip;]<\/p>\n","protected":false},"author":3,"featured_media":0,"parent":7,"menu_order":8,"comment_status":"closed","ping_status":"closed","template":"","meta":{"footnotes":""},"class_list":["post-21","page","type-page","status-publish","hentry"],"_links":{"self":[{"href":"https:\/\/luagris.net\/debaleas\/index.php?rest_route=\/wp\/v2\/pages\/21","targetHints":{"allow":["GET"]}}],"collection":[{"href":"https:\/\/luagris.net\/debaleas\/index.php?rest_route=\/wp\/v2\/pages"}],"about":[{"href":"https:\/\/luagris.net\/debaleas\/index.php?rest_route=\/wp\/v2\/types\/page"}],"author":[{"embeddable":true,"href":"https:\/\/luagris.net\/debaleas\/index.php?rest_route=\/wp\/v2\/users\/3"}],"replies":[{"embeddable":true,"href":"https:\/\/luagris.net\/debaleas\/index.php?rest_route=%2Fwp%2Fv2%2Fcomments&post=21"}],"version-history":[{"count":6,"href":"https:\/\/luagris.net\/debaleas\/index.php?rest_route=\/wp\/v2\/pages\/21\/revisions"}],"predecessor-version":[{"id":265,"href":"https:\/\/luagris.net\/debaleas\/index.php?rest_route=\/wp\/v2\/pages\/21\/revisions\/265"}],"up":[{"embeddable":true,"href":"https:\/\/luagris.net\/debaleas\/index.php?rest_route=\/wp\/v2\/pages\/7"}],"wp:attachment":[{"href":"https:\/\/luagris.net\/debaleas\/index.php?rest_route=%2Fwp%2Fv2%2Fmedia&parent=21"}],"curies":[{"name":"wp","href":"https:\/\/api.w.org\/{rel}","templated":true}]}}