{"id":676,"date":"2017-12-18T13:17:06","date_gmt":"2017-12-18T13:17:06","guid":{"rendered":"http:\/\/luagris.net\/blog\/?page_id=676"},"modified":"2017-12-18T13:18:44","modified_gmt":"2017-12-18T13:18:44","slug":"676-2","status":"publish","type":"page","link":"https:\/\/luagris.net\/blog\/?page_id=676","title":{"rendered":""},"content":{"rendered":"<p><img loading=\"lazy\" class=\"alignnone\" src=\"http:\/\/luagris.net\/blog\/wp-content\/uploads\/2017\/12\/de-baleas_portada.png\" alt=\"de baleas\" width=\"119\" height=\"150\" \/><\/p>\n<p class=\"infolibros\"><em>de baleas<\/em><br \/>\nmalpica (galiza), caldeir\u00f3n, 2017<br \/>\nisbn: 978-84-697-5665-2<\/p>\n<p class=\"infolibros\">a edici\u00f3n incl\u00fae, ademais do libro,<br \/>\nun caderno con dous poemas do libro en formato comic (en colaboraci\u00f3n con tokio)<br \/>\ne un cd con m\u00fasica de baleas de macarena montesinos, o d\u00fao tiberevi, benxam\u00edn otero, estevo creus, daniel quaranta, ariel ninas, pablo seoane e gabriela acosta, m\u00f3nica de nut, mig seoane, madamme cell e bel\u00e9n bermejo, acompa\u00f1ada por andr\u00e9s d\u00edaz.<\/p>\n<p class=\"infolibros\">cada exemplar incl\u00fae unha balea de origami, dese\u00f1o de rom\u00e1n d\u00edaz e pregada por min mesmo.<\/p>\n","protected":false},"excerpt":{"rendered":"<p>de baleas malpica (galiza), caldeir\u00f3n, 2017 isbn: 978-84-697-5665-2 a edici\u00f3n incl\u00fae, ademais do libro, un caderno con dous poemas do libro en formato comic (en colaboraci\u00f3n con tokio) e un cd con m\u00fasica de baleas&#8230;<\/p>\n<div class=\"more-link-wrapper\"><a class=\"more-link\" href=\"https:\/\/luagris.net\/blog\/?page_id=676\">[seguir lendo]<span class=\"screen-reader-text\"><\/span><\/a><\/div>\n","protected":false},"author":2,"featured_media":0,"parent":0,"menu_order":0,"comment_status":"closed","ping_status":"closed","template":"","meta":[],"jetpack_sharing_enabled":true,"jetpack_shortlink":"https:\/\/wp.me\/P9ej9C-aU","_links":{"self":[{"href":"https:\/\/luagris.net\/blog\/index.php?rest_route=\/wp\/v2\/pages\/676"}],"collection":[{"href":"https:\/\/luagris.net\/blog\/index.php?rest_route=\/wp\/v2\/pages"}],"about":[{"href":"https:\/\/luagris.net\/blog\/index.php?rest_route=\/wp\/v2\/types\/page"}],"author":[{"embeddable":true,"href":"https:\/\/luagris.net\/blog\/index.php?rest_route=\/wp\/v2\/users\/2"}],"replies":[{"embeddable":true,"href":"https:\/\/luagris.net\/blog\/index.php?rest_route=%2Fwp%2Fv2%2Fcomments&post=676"}],"version-history":[{"count":1,"href":"https:\/\/luagris.net\/blog\/index.php?rest_route=\/wp\/v2\/pages\/676\/revisions"}],"predecessor-version":[{"id":677,"href":"https:\/\/luagris.net\/blog\/index.php?rest_route=\/wp\/v2\/pages\/676\/revisions\/677"}],"wp:attachment":[{"href":"https:\/\/luagris.net\/blog\/index.php?rest_route=%2Fwp%2Fv2%2Fmedia&parent=676"}],"curies":[{"name":"wp","href":"https:\/\/api.w.org\/{rel}","templated":true}]}}